{"id":22639,"date":"2021-02-19T20:28:07","date_gmt":"2021-02-19T20:28:07","guid":{"rendered":"https:\/\/jobsability.ca\/formation-sur-les-personnes-handicapees\/"},"modified":"2025-06-12T16:33:43","modified_gmt":"2025-06-12T16:33:43","slug":"formation-sur-les-personnes-handicapees","status":"publish","type":"page","link":"https:\/\/jobsability.ca\/fr\/formation-sur-les-personnes-handicapees\/","title":{"rendered":"Formation \u00e0 la sensibilisation et \u00e0 la confiance en mati\u00e8re de handicap"},"content":{"rendered":"<div class=\"wpb-content-wrapper\"><p>[vc_row css=&#8221;.vc_custom_1618506546268{padding-top: 5% !important;padding-bottom: 3% !important;}&#8221;][vc_column][vc_column_text css=&#8221;&#8221;]<\/p>\n<h2>Formation \u00e0 la sensibilisation et \u00e0 la confiance en mati\u00e8re de handicap (DACT)<\/h2>\n<h3><strong><span style=\"color: #34596f;\">FORMATION \u00c0 LA SENSIBILISATION ET \u00c0 LA CONFIANCE EN MATI\u00c8RE DE HANDICAP (DACT) OFFERTE PAR L&#8217;ODEN<\/span><\/strong><\/h3>\n<p>Pr\u00eat \u00e0 am\u00e9liorer les performances de votre entreprise gr\u00e2ce \u00e0 des solutions innovantes en mati\u00e8re de main-d\u2019\u0153uvre?<\/p>\n<p>Avez-vous des questions sur la mani\u00e8re d&#8217;embaucher, d&#8217;int\u00e9grer et de retenir des employ\u00e9s en situation de handicap?<\/p>\n<p>Le R\u00e9seau ontarien pour l&#8217;emploi des personnes handicap\u00e9es (ODEN) offre une formation sur la sensibilisation aux handicaps et la confiance en soi pour vos \u00e9quipes de ressources humaines, de gestion, de leadership et de personnel.<\/p>\n<h3><span style=\"color: #34596f;\"><strong>Pourquoi suivre une formation sur la sensibilisation au handicap et la confiance en soi?<\/strong><\/span><\/h3>\n<p>On pr\u00e9voit que <strong>le Canada manquera de 2 millions de travailleurs d&#8217;ici 2031*<\/strong>. Cette p\u00e9nurie entra\u00eenera une baisse de 1,3 % du PIB canadien, soit 200 milliards de dollars am\u00e9ricains. Et dans une enqu\u00eate r\u00e9cente, 75 % des membres de la Chambre de commerce de l&#8217;Ontario ont indiqu\u00e9 que les p\u00e9nuries de main-d&#8217;\u0153uvre constituaient le premier d\u00e9fi de leur entreprise.  <\/p>\n<p>Selon Statistique Canada, <strong>27 % des Canadiens s&#8217;identifient comme personne en situation de handicap<\/strong>. Les personnes en situation de handicap sont pr\u00eates \u00e0 travailler et \u00e0 r\u00e9pondre aux exigences du monde du travail. Plus de 50 % d&#8217;entre elles sont titulaires d&#8217;un dipl\u00f4me d&#8217;\u00e9tudes sup\u00e9rieures ou d&#8217;un certificat de qualification professionnelle.<\/p>\n<h3><span style=\"color: #34596f;\"><strong>Quel est le lien entre les deux d\u00e9clarations ci-dessus?<\/strong><\/span><\/h3>\n<p><strong>Il y a un probl\u00e8me de demande et une solution \u00e0 l\u2019offre.<\/strong><br \/>\nVotre entreprise est-elle pr\u00eate \u00e0 embaucher avec intention? Pour r\u00e9ussir, les entreprises doivent se tourner vers ce que l&#8217;on appelait auparavant une source de main-d&#8217;\u0153uvre non traditionnelle afin de r\u00e9pondre \u00e0 leurs besoins et d&#8217;assurer leur croissance. <\/p>\n<p>Chez l\u2019ODEN, notre \u00e9quipe de sp\u00e9cialistes de l&#8217;insertion professionnelle des personnes en situation de handicap offre un large \u00e9ventail de services pour aider les entreprises \u00e0 d\u00e9velopper et \u00e0 engager une main-d&#8217;\u0153uvre diversifi\u00e9e et inclusive.<\/p>\n<h2><strong><span style=\"color: #34596f;\">Vue d\u2019ensemble<\/span><\/strong><\/h2>\n<p>Ces sessions de formation dispens\u00e9es par nos sp\u00e9cialistes de l&#8217;insertion professionnelle des personnes en situation de handicap apprendront \u00e0 vos \u00e9quipes pourquoi l&#8217;emploi de personnes en situation de handicap est utile \u00e0 toute entreprise, quelle que soit sa taille.<\/p>\n<p>Voici ce que font nos formateurs lors d\u2019une session DACT facilit\u00e9e :<\/p>\n<ul>\n<li>Expliquer <a href=\"https:\/\/www.odenetwork.com\/businesses\/business-benefits\/\">les avantages des pratiques de recrutement in<\/a>clusives<\/li>\n<li>Dissiper <a href=\"https:\/\/www.odenetwork.com\/wp-content\/uploads\/2024\/11\/Mix3801-B7MythsVideo-19August2024.mp4\">les id\u00e9es fausses et les mythes courants sur les personnes en situation de handicap<\/a><\/li>\n<li>Pr\u00e9parer vos \u00e9quipes \u00e0 int\u00e9grer en<a href=\"https:\/\/www.odenetwork.com\/making-onboarding-inclusive-and-successful-for-everyone\/\"> toute confiance de nouveaux employ\u00e9s en situation de handicap.<\/a><\/li>\n<li>Vous donner l&#8217;occasion de poser toutes vos questions dans un cadre s\u00fbr et favorable<\/li>\n<\/ul>\n<p><strong>R\u00e9sultats de l&#8217;apprentissage pour toutes les sessions :<\/strong><\/p>\n<ul>\n<li>Le <a href=\"https:\/\/www.odenetwork.com\/the-keys-to-creating-an-inclusive-culture-in-your-business\/\">handicap au Canada &#8211; les faits<\/a><\/li>\n<li>Dissiper les mythes qui cr\u00e9ent des pr\u00e9jug\u00e9s et des obstacles \u00e0 l&#8217;emploi<\/li>\n<li><a href=\"https:\/\/www.odenetwork.com\/businesses\/business-resources\/\">\u00c9tudes de cas d&#8217;entreprises<\/a> ayant b\u00e9n\u00e9fici\u00e9 de la cr\u00e9ation d&#8217;une main-d&#8217;\u0153uvre inclusive<\/li>\n<\/ul>\n<p><strong>Compl\u00e9ments d&#8217;information sur les r\u00e9sultats d&#8217;apprentissage pour les gestionnaires :<\/strong><\/p>\n<ul>\n<li>Consid\u00e9rations pour une mise en \u0153uvre r\u00e9ussie &#8211; \u00e9viter les pi\u00e8ges en mati\u00e8re de gestion<\/li>\n<\/ul>\n<p><strong>Compl\u00e9ments de r\u00e9sultats d&#8217;apprentissage pour les \u00e9quipes du personnel :<\/strong><\/p>\n<ul>\n<li>Les moyens d&#8217;avoir des interactions inclusives sur le lieu de travail.<\/li>\n<\/ul>\n<p><strong>Compl\u00e9ments de r\u00e9sultats d&#8217;apprentissage pour la haute direction :<\/strong><\/p>\n<ul>\n<li>\u00c9tudes de cas approfondies d&#8217;entreprises ayant une main-d&#8217;\u0153uvre inclusive<\/li>\n<li>Comment <a href=\"https:\/\/www.odenetwork.com\/the-keys-to-creating-an-inclusive-culture-in-your-business\/\">favoriser une culture de l&#8217;inclusion et de diversit\u00e9 <\/a>au sein de votre organisation<\/li>\n<li>Comment soutenir ou encourager les groupes de ressources pour les employ\u00e9s<\/li>\n<\/ul>\n<p><strong>Compl\u00e9ments de r\u00e9sultats d&#8217;apprentissage pour les \u00e9quipes de ressources humaines :<\/strong><\/p>\n<ul>\n<li>\u00c9tudes de cas approfondies d&#8217;entreprises qui ont b\u00e9n\u00e9fici\u00e9 de la cr\u00e9ation d&#8217;une main-d&#8217;\u0153uvre et d&#8217;une culture inclusives<\/li>\n<li>Conseils pour cr\u00e9er et engager <a href=\"https:\/\/www.odenetwork.com\/moving-past-compliance-7-ways-to-go-above-and-beyond-in-disability-inclusion\/\">une main-d&#8217;\u0153uvre diversifi\u00e9e<\/a> au sein de votre entreprise<\/li>\n<\/ul>\n<p><strong>Votre investissement<\/strong><\/p>\n<ul>\n<li>Les sessions anim\u00e9es sont offertes \u00e0 partir de 750 $<\/li>\n<\/ul>\n<p><a class=\"button  button_left button_size_2\" href=\"https:\/\/jobsability.ca\/wp-content\/uploads\/2025\/04\/Disability-Awareness-and-Confidence-Training-Overview-2023_Business-1.pdf\"     style=\"background-color:#171D44!important;color:#FFF;\" target=\"_blank\"    title=\"\"><span class=\"button_icon\"><i class=\"icon-doc-text\"  style=\"color:#FFF!important;\" aria-hidden=\"true\"><\/i><\/span><span class=\"button_label\">T\u00e9l\u00e9charger le PDF de la formation sur la sensibilisation au handicap et la confiance en soi<\/span><\/a>\n[\/vc_column_text][\/vc_column][\/vc_row]<\/p>\n<\/div>","protected":false},"excerpt":{"rendered":"<p>[vc_row css=&#8221;.vc_custom_1618506546268{padding-top: 5% !important;padding-bottom: 3% !important;}&#8221;][vc_column][vc_column_text css=&#8221;&#8221;] Formation \u00e0 la sensibilisation et \u00e0 la confiance en mati\u00e8re de handicap (DACT) FORMATION \u00c0 LA SENSIBILISATION ET \u00c0 LA CONFIANCE EN MATI\u00c8RE DE HANDICAP (DACT) OFFERTE PAR L&#8217;ODEN Pr\u00eat \u00e0 am\u00e9liorer les performances de votre entreprise gr\u00e2ce \u00e0 des solutions innovantes en mati\u00e8re de main-d\u2019\u0153uvre? Avez-vous des questions sur la mani\u00e8re d&#8217;embaucher, d&#8217;int\u00e9grer et de retenir des employ\u00e9s en situation de handicap? Le R\u00e9seau ontarien pour l&#8217;emploi<\/p>\n","protected":false},"author":2,"featured_media":0,"parent":0,"menu_order":0,"comment_status":"closed","ping_status":"closed","template":"","meta":{"nf_dc_page":"","footnotes":""},"class_list":["post-22639","page","type-page","status-publish","hentry"],"_links":{"self":[{"href":"https:\/\/jobsability.ca\/fr\/wp-json\/wp\/v2\/pages\/22639","targetHints":{"allow":["GET"]}}],"collection":[{"href":"https:\/\/jobsability.ca\/fr\/wp-json\/wp\/v2\/pages"}],"about":[{"href":"https:\/\/jobsability.ca\/fr\/wp-json\/wp\/v2\/types\/page"}],"author":[{"embeddable":true,"href":"https:\/\/jobsability.ca\/fr\/wp-json\/wp\/v2\/users\/2"}],"replies":[{"embeddable":true,"href":"https:\/\/jobsability.ca\/fr\/wp-json\/wp\/v2\/comments?post=22639"}],"version-history":[{"count":0,"href":"https:\/\/jobsability.ca\/fr\/wp-json\/wp\/v2\/pages\/22639\/revisions"}],"wp:attachment":[{"href":"https:\/\/jobsability.ca\/fr\/wp-json\/wp\/v2\/media?parent=22639"}],"curies":[{"name":"wp","href":"https:\/\/api.w.org\/{rel}","templated":true}]}}

Formation à la sensibilisation et à la confiance en matière de handicap

<div class="wpb-content-wrapper"><p>[vc_row css=&#8221;.vc_custom_1618506546268{padding-top: 5% !important;padding-bottom: 3% !important;}&#8221;][vc_column][vc_column_text css=&#8221;&#8221;]</p>
<h2>Formation à la sensibilisation et à la confiance en matière de handicap (DACT)</h2>
<h3><strong><span style="color: #34596f;">FORMATION À LA SENSIBILISATION ET À LA CONFIANCE EN MATIÈRE DE HANDICAP (DACT) OFFERTE PAR L&#8217;ODEN</span></strong></h3>
<p>Prêt à améliorer les performances de votre entreprise grâce à des solutions innovantes en matière de main-d’œuvre?</p>
<p>Avez-vous des questions sur la manière d&#8217;embaucher, d&#8217;intégrer et de retenir des employés en situation de handicap?</p>
<p>Le Réseau ontarien pour l&#8217;emploi des personnes handicapées (ODEN) offre une formation sur la sensibilisation aux handicaps et la confiance en soi pour vos équipes de ressources humaines, de gestion, de leadership et de personnel.</p>
<h3><span style="color: #34596f;"><strong>Pourquoi suivre une formation sur la sensibilisation au handicap et la confiance en soi?</strong></span></h3>
<p>On prévoit que <strong>le Canada manquera de 2 millions de travailleurs d&#8217;ici 2031*</strong>. Cette pénurie entraînera une baisse de 1,3 % du PIB canadien, soit 200 milliards de dollars américains. Et dans une enquête récente, 75 % des membres de la Chambre de commerce de l&#8217;Ontario ont indiqué que les pénuries de main-d&#8217;œuvre constituaient le premier défi de leur entreprise.  </p>
<p>Selon Statistique Canada, <strong>27 % des Canadiens s&#8217;identifient comme personne en situation de handicap</strong>. Les personnes en situation de handicap sont prêtes à travailler et à répondre aux exigences du monde du travail. Plus de 50 % d&#8217;entre elles sont titulaires d&#8217;un diplôme d&#8217;études supérieures ou d&#8217;un certificat de qualification professionnelle.</p>
<h3><span style="color: #34596f;"><strong>Quel est le lien entre les deux déclarations ci-dessus?</strong></span></h3>
<p><strong>Il y a un problème de demande et une solution à l’offre.</strong><br />
Votre entreprise est-elle prête à embaucher avec intention? Pour réussir, les entreprises doivent se tourner vers ce que l&#8217;on appelait auparavant une source de main-d&#8217;œuvre non traditionnelle afin de répondre à leurs besoins et d&#8217;assurer leur croissance. </p>
<p>Chez l’ODEN, notre équipe de spécialistes de l&#8217;insertion professionnelle des personnes en situation de handicap offre un large éventail de services pour aider les entreprises à développer et à engager une main-d&#8217;œuvre diversifiée et inclusive.</p>
<h2><strong><span style="color: #34596f;">Vue d’ensemble</span></strong></h2>
<p>Ces sessions de formation dispensées par nos spécialistes de l&#8217;insertion professionnelle des personnes en situation de handicap apprendront à vos équipes pourquoi l&#8217;emploi de personnes en situation de handicap est utile à toute entreprise, quelle que soit sa taille.</p>
<p>Voici ce que font nos formateurs lors d’une session DACT facilitée :</p>
<ul>
<li>Expliquer <a href="https://www.odenetwork.com/businesses/business-benefits/">les avantages des pratiques de recrutement in</a>clusives</li>
<li>Dissiper <a href="https://www.odenetwork.com/wp-content/uploads/2024/11/Mix3801-B7MythsVideo-19August2024.mp4">les idées fausses et les mythes courants sur les personnes en situation de handicap</a></li>
<li>Préparer vos équipes à intégrer en<a href="https://www.odenetwork.com/making-onboarding-inclusive-and-successful-for-everyone/"> toute confiance de nouveaux employés en situation de handicap.</a></li>
<li>Vous donner l&#8217;occasion de poser toutes vos questions dans un cadre sûr et favorable</li>
</ul>
<p><strong>Résultats de l&#8217;apprentissage pour toutes les sessions :</strong></p>
<ul>
<li>Le <a href="https://www.odenetwork.com/the-keys-to-creating-an-inclusive-culture-in-your-business/">handicap au Canada &#8211; les faits</a></li>
<li>Dissiper les mythes qui créent des préjugés et des obstacles à l&#8217;emploi</li>
<li><a href="https://www.odenetwork.com/businesses/business-resources/">Études de cas d&#8217;entreprises</a> ayant bénéficié de la création d&#8217;une main-d&#8217;œuvre inclusive</li>
</ul>
<p><strong>Compléments d&#8217;information sur les résultats d&#8217;apprentissage pour les gestionnaires :</strong></p>
<ul>
<li>Considérations pour une mise en œuvre réussie &#8211; éviter les pièges en matière de gestion</li>
</ul>
<p><strong>Compléments de résultats d&#8217;apprentissage pour les équipes du personnel :</strong></p>
<ul>
<li>Les moyens d&#8217;avoir des interactions inclusives sur le lieu de travail.</li>
</ul>
<p><strong>Compléments de résultats d&#8217;apprentissage pour la haute direction :</strong></p>
<ul>
<li>Études de cas approfondies d&#8217;entreprises ayant une main-d&#8217;œuvre inclusive</li>
<li>Comment <a href="https://www.odenetwork.com/the-keys-to-creating-an-inclusive-culture-in-your-business/">favoriser une culture de l&#8217;inclusion et de diversité </a>au sein de votre organisation</li>
<li>Comment soutenir ou encourager les groupes de ressources pour les employés</li>
</ul>
<p><strong>Compléments de résultats d&#8217;apprentissage pour les équipes de ressources humaines :</strong></p>
<ul>
<li>Études de cas approfondies d&#8217;entreprises qui ont bénéficié de la création d&#8217;une main-d&#8217;œuvre et d&#8217;une culture inclusives</li>
<li>Conseils pour créer et engager <a href="https://www.odenetwork.com/moving-past-compliance-7-ways-to-go-above-and-beyond-in-disability-inclusion/">une main-d&#8217;œuvre diversifiée</a> au sein de votre entreprise</li>
</ul>
<p><strong>Votre investissement</strong></p>
<ul>
<li>Les sessions animées sont offertes à partir de 750 $</li>
</ul>
<p><a class="button  button_left button_size_2" href="https://jobsability.ca/wp-content/uploads/2025/04/Disability-Awareness-and-Confidence-Training-Overview-2023_Business-1.pdf"     style="background-color:#171D44!important;color:#FFF;" target="_blank"    title=""><span class="button_icon"><i class="icon-doc-text"  style="color:#FFF!important;" aria-hidden="true"></i></span><span class="button_label">Télécharger le PDF de la formation sur la sensibilisation au handicap et la confiance en soi</span></a>
[/vc_column_text][/vc_column][/vc_row]</p>
</div>

<p>[vc_row css=&#8221;.vc_custom_1618506546268{padding-top: 5% !important;padding-bottom: 3% !important;}&#8221;][vc_column][vc_column_text css=&#8221;&#8221;] Formation à la sensibilisation et à la confiance en matière de handicap (DACT) FORMATION À LA SENSIBILISATION ET À LA CONFIANCE EN MATIÈRE DE HANDICAP (DACT) OFFERTE PAR L&#8217;ODEN Prêt à améliorer les performances de votre entreprise grâce à des solutions innovantes en matière de main-d’œuvre? Avez-vous des questions sur la manière d&#8217;embaucher, d&#8217;intégrer et de retenir des employés en situation de handicap? Le Réseau ontarien pour l&#8217;emploi</p>
